 the remainder when b is divided by t.
13
Let o(r) = -r**2 + 3*r. Let j be o(3). Suppose -f = -3*i - 18 + 4, f - i - 8 = j. Calculate the remainder when 17 is divided by f.
2
Calculate the remainder when 115 is divided by 117/7 - (-6)/21.
13
Let c(p) = -2*p**3 - 28*p**2 - 3*p - 29. Calculate the remainder when 29 is divided by c(-14).
3
Let p(r) = r**2 - 3*r - 4. Let j(u) = -2*u**3 - 13*u**2 - 18*u - 20. Calculate the remainder when j(-6) is divided by p(6).
10
Suppose -38 + 248 = 5*q. Let a(g) = 11*g - 8. Let o be a(9). Suppose -5*v - 16 = -o. What is the remainder when q is divided by v?
12
Suppose 16*h = 44 + 68. Let w = 15 + -72. Let j = -37 - w. Calculate the remainder when j is divided by h.
6
Suppose 0 = r + r + 2*r. Suppose -4*k + r*k + 36 = 0. Calculate the remainder when 35 is divided by k.
8
Suppose -5*o - 2*p - 162 = -7*o, -2*p = o - 93. Suppose o = 3*z - 494. What is the remainder when z is divided by 13?
11
Let f = -5 + 199. Let n = f - 99. Calculate the remainder when n is divided by 32.
31
Let s = 137 - -69. What is the remainder when s is divided by 23?
22
Let t(z) = 21*z**2 - 34*z + 54. Calculate the remainder when 224 is divided by t(2).
14
Let i = -445 - -449. What is the remainder when 261 is divided by i?
1
Let x(o) = -o**3 + 9*o**2 - 8*o + 26. Let p be (-24)/10*(-120)/36. What is the remainder when 206 is divided by x(p)?
24
Suppose -48 = 12*y - 16*y. Let l(z) = -z + 39. What is the remainder when l(y) is divided by 7?
6
Let o(q) = -27*q + 8. Calculate the remainder when o(-2) is divided by 22.
18
Calculate the remainder when 139 is divided by 64/12*(-126)/(-24).
27
Let t(o) = o - 1. Let b be t(-4). Suppose 0 = -2*u + 5*u - 30. Let h = b + u. Calculate the remainder when 13 is divided by h.
3
Calculate the remainder when (3/9*-41)/(4/(-12)) is divided by 165/(-22)*(-32)/10.
17
Let n(l) = -l**2 - 8*l + 3. Let x be n(-8). Suppose 6*u - 4*u + 3*k = 58, x*u + 4*k - 88 = 0. What is the remainder when u is divided by (-38)/(-3) + (-25)/15?
10
Let o(v) be the first derivative of v**4/4 + 3*v**3 - v**2 - 11*v + 7. Suppose -10*z + 3 = -9*z. What is the remainder when o(-9) is divided by z?
1
Let z(t) = -t**3 + 7*t**2 - 4*t + 6. Suppose 3*a - a = 2. Let u(c) = 7*c**2 - 2*c + 1. Let i be u(a). What is the remainder when 70 is divided by z(i)?
16
Suppose 69*p + 589 = 70*p. Calculate the remainder when p is divided by 59.
58
Calculate the remainder when 70 is divided by 6/9 - (-68)/6.
10
Suppose 0 = 8*f - 3*f - 4*d - 241, -3*f + 3*d = -144. Suppose 44*b - f*b + 105 = 0. Calculate the remainder when 102 is divided by b.
18
Let k(y) = -y**3 + 22*y**2 - 19*y + 39. What is the remainder when k(20) is divided by 46?
45
Let v = -3 + 6. What is the remainder when 65 is divided by v?
2
Suppose a - 13 = -4*s, -a + 16 = 5*s - 0*s. Calculate the remainder when 5 is divided by 6 - (s - (-2)/2).
1
Calculate the remainder when 89 is divided by 106/8 - ((-171)/36)/(-19).
11
Suppose -3 = -3*x - 5*h, -2 = -5*x - 2*h + 22. Let b be 7*(-4)/4*x. Calculate the remainder when 53 is divided by (b/(-4))/(6/8).
11
Suppose -10 = -s - 2*w, 26*w - 23*w = -s + 11. Calculate the remainder when 77 is divided by s.
5
Let t = 62 + -24. Suppose 0*p + 4*w - t = -2*p, -2*p + w + 63 = 0. Calculate the remainder when 173 is divided by p.
28
Let w be -3 - (2 - 14/1 - 3). Calculate the remainder when (89 + 4)*((-40)/w - -4) is divided by 9.
8
Suppose -a + 3*a - 2*t = 70, 3*a = -2*t + 90. Suppose -282 = -n - 2*n. Calculate the remainder when n is divided by a.
30
Let z(l) = 46*l**2 + 2*l + 9. What is the remainder when z(-2) is divided by 19?
18
Suppose 0 = -4*g + 55 + 265. Suppose 44*a - 48*a = -g. Calculate the remainder when 97 is divided by a.
17
Let h be 12/4*(-292)/(-6). Suppose 0 = -3*p + h - 14. Suppose 3*x - p = -x - o, -x + o = -6. Calculate the remainder when 29 is divided by x.
9
Calculate the remainder when 190 is divided by 2571/57 + (-2)/19.
10
Suppose 0 = -7*m + 5*m + 1030. Suppose 13*s + 86 = m. What is the remainder when s is divided by 20?
13
Let x = 21 - 77. Let c = -17 + 23. What is the remainder when c is divided by x/(-21)*6/4?
2
Let k(f) = 5*f + 97. What is the remainder when 48 is divided by k(-16)?
14
Suppose 0 = 4*s + 5*z - 52, 5*s - 8*z = -5*z + 28. Calculate the remainder when 342 is divided by s.
6
Let w(h) = -h**3 - 7*h**2 + 6*h - 11. Suppose 7*x - 170 = 2*x. What is the remainder when x is divided by w(-8)?
4
Suppose -9*c + 225 + 153 = 0. What is the remainder when 76 is divided by c?
34
Calculate the remainder when (-61189)/(-1075) - (-4)/50 is divided by 21.
15
Let v be (30/45)/(1/6). Let n be (3/(-12))/(v/(-496)). Suppose n = 2*k - 27. Calculate the remainder when 86 is divided by k.
28
Let l(u) = u - 5. Let f be ((-6)/(-8))/(13/208). Let n be l(f). Suppose 0 = -t - 5*b + 59, -t + n*b - 4*b = -27. What is the remainder when t is divided by 14?
11
Let z = 17 - 15. Suppose z*t + 5*a + 16 = 0, -t + 8 = -5*t - 4*a. Suppose w - 5*i = 1, 4*w - i = t*i + 55. Calculate the remainder when 63 is divided by w.
15
Suppose -14 = 4*n - 118. Let k = 199 - 135. Let j = 12 + k. What is the remainder when j is divided by n?
24
Suppose -2*f = -3*f + 35. What is the remainder when f is divided by (44/(-66))/(2/(-57))?
16
Calculate the remainder when 994/6 - (-10 - 87/(-9)) is divided by 55.
1
Suppose 760*o - 1549*o + 752*o + 333 = 0. Let z = 4 - 0. Suppose -z*p = 2*m - 90, 0*p + 54 = m - p. Calculate the remainder when m is divided by o.
6
Let r be (-5)/30 - (-101)/(-6). Let x = 4 + r. Let y = x - -26. Calculate the remainder when 49 is divided by y.
10
Suppose 6*c - 5*c - 305 = -2*n, c - 1 = 0. Suppose 30 = -p - 4*p. Calculate the remainder when 48 is divided by n/12 + (-2)/p.
9
Let w(y) = y**3 + 10*y**2 + 18*y + 22. Suppose o = 0, 3*n = -2*n + 2*o + 110. What is the remainder when w(-7) is divided by n?
21
Let d = 164 - 121. What is the remainder when d is divided by 14?
1
Suppose 0 = 6*y - y - 5*f - 610, 3*y + 2*f = 386. Calculate the remainder when y is divided by 35.
21
Suppose -4*m - 20*j + 24*j + 144 = 0, -j - 188 = -5*m. Calculate the remainder when 165 is divided by m.
13
Let u(g) = 9*g - 52. Let i = -89 - -98. Calculate the remainder when u(i) is divided by 9.
2
Suppose 17 - 37 = -5*z + x, -z - 5*x = -30. Let s(g) = g + 1. Let h(a) = -21*a - 5. Let t(f) = -h(f) - 4*s(f). What is the remainder when t(1) is divided by z?
3
Suppose -4*k + 49 + 571 = 0. Calculate the remainder when k is divided by (730/(-20) + 4)/(20/(-16)).
25
Suppose 0 = 3*g - 3*m - 60, 4*g - m - 74 = -3*m. Calculate the remainder when 86 is divided by g.
10
Let r(a) = -a**3 + a**2 + 2*a + 25. Let u be r(0). Let v = u + -10. Calculate the remainder when ((-168)/9)/(4/(-6)) is divided by v.
13
Let j = 1728 + -1522. What is the remainder when 836 is divided by j?
12
Let i(b) be the third derivative of -b**6/15 + b**5/60 + b**4/12 + b**3/6 - b**2. Calculate the remainder when ((-19)/(-2))/(6/24) is divided by i(-1).
6
Let w = -70 - -110. What is the remainder when 155 is divided by w?
35
Let d = 709 + -642. Calculate the remainder when d is divided by 11.
1
Let g(p) = 3*p - 11. Let j be g(5). Suppose j*x = -3 + 27. What is the remainder when 23 is divided by x?
5
Let s(m) = m + 7. Let k be s(-7). Suppose -487 = -5*h - 2*j, 2*h + 3*j = -k*h + 186. Suppose 5*r - 354 = -h. What is the remainder when r is divided by 26?
25
Let y(n) = n**2 - 4*n + 4. Let z be y(2). Suppose -2*l + r + 38 = -0*l, z = l - 3*r - 9. What is the remainder when 102 is divided by l?
18
Let x be (-2 + 5)*(-1)/(-3). Suppose -4*s = p + 1, 0 = -p + 5*s - 2 + x. Let f = p - -13. What is the remainder when 58 is divided by f?
10
Let y(f) = 6*f + 79. What is the remainder when y(-3) is divided by 24?
13
Let p = -92 - -159. Suppose b - p = -4*a, 3*b + 5*a - 187 = -0*b. Let n = 48 - 28. What is the remainder when b is divided by n?
19
Let z = 739 + -593. What is the remainder when z is divided by 46?
8
Let q(j) = -5*j - 13. Let b = 43 - 23. Suppose -4*d = -5*v + 17, -d + v - 5*v = b. What is the remainder when q(d) is divided by 10?
7
Let z = -26 + 50. Suppose 51*l - 3243 = 28*l. Calculate the remainder when l is divided by z.
21
Let v(u) = -2*u - 6. Let i(x) = -x**3 + 4*x**2 - 5. Let z be (4 - -1) + -1 + 0. Let h be i(z